lculate the remainder when 218748 is divided by 109316.
116
What is the remainder when 47222 is divided by 3331?
588
Calculate the remainder when 2070780 is divided by 71406.
6
Calculate the remainder when 203420 is divided by 933.
26
Calculate the remainder when 714301 is divided by 119047.
19
Calculate the remainder when 7834563 is divided by 391728.
3
What is the remainder when 1898341 is divided by 5?
1
Calculate the remainder when 1189844 is divided by 9599.
9167
Calculate the remainder when 250364 is divided by 2945.
39
Calculate the remainder when 1595286 is divided by 1531.
1515
What is the remainder when 1023029 is divided by 102302?
9
Calculate the remainder when 2330337 is divided by 21574.
345
Calculate the remainder when 6027203 is divided by 6.
5
What is the remainder when 3026891 is divided by 1008911?
158
Calculate the remainder when 74882418 is divided by 74882354.
64
Calculate the remainder when 23453 is divided by 568.
165
What is the remainder when 81066 is divided by 27014?
24
What is the remainder when 1543442 is divided by 385234?
2506
Calculate the remainder when 637751 is divided by 49040.
231
What is the remainder when 1827281 is divided by 913451?
379
What is the remainder when 642253 is divided by 1282?
1253
Calculate the remainder when 1607025 is divided by 535669.
18
Calculate the remainder when 2930601 is divided by 488432.
9
Calculate the remainder when 15959783 is divided by 160.
103
What is the remainder when 5628189 is divided by 184?
181
Calculate the remainder when 54433232 is divided by 79.
20
Calculate the remainder when 68584678 is divided by 2938.
6
Calculate the remainder when 5698720 is divided by 31.
21
Calculate the remainder when 541700 is divided by 28.
12
Calculate the remainder when 2118837 is divided by 2118600.
237
What is the remainder when 70380077 is divided by 129?
128
What is the remainder when 2912560 is divided by 8?
0
What is the remainder when 1362858 is divided by 161?
154
Calculate the remainder when 202942 is divided by 202853.
89
Calculate the remainder when 92577487 is divided by 70995.
7
Calculate the remainder when 112662 is divided by 9137.
3018
What is the remainder when 111948252 is divided by 22389644?
32
Calculate the remainder when 3737368 is divided by 390.
388
What is the remainder when 1935816 is divided by 48393?
96
Calculate the remainder when 2144862 is divided by 4643.
4439
What is the remainder when 1458333149 is divided by 50?
49
What is the remainder when 517500085 is divided by 769?
766
What is the remainder when 2263182 is divided by 125709?
420
Calculate the remainder when 40009107 is divided by 701914.
9
What is the remainder when 174579 is divided by 86249?
2081
Calculate the remainder when 22040005 is divided by 143.
130
What is the remainder when 667013 is divided by 2964?
113
Calculate the remainder when 38767667 is divided by 203.
148
What is the remainder when 1450780627 is divided by 3111?
3109
Calculate the remainder when 14443722 is divided by 3516.
3510
What is the remainder when 89464213 is divided by 23800?
13
What is the remainder when 84513724 is divided by 50?
24
Calculate the remainder when 75852503 is divided by 5069.
5056
Calculate the remainder when 186912 is divided by 455.
362
Calculate the remainder when 78318 is divided by 38420.
1478
Calculate the remainder when 986933 is divided by 18.
11
What is the remainder when 1331713 is divided by 29?
4
Calculate the remainder when 149845527 is divided by 183.
3
What is the remainder when 56904087 is divided by 3161338?
3
Calculate the remainder when 464098 is divided by 464000.
98
What is the remainder when 127308 is divided by 125213?
2095
Calculate the remainder when 206293 is divided by 3778.
2281
What is the remainder when 3515210 is divided by 1757601?
8
Calculate the remainder when 1758529 is divided by 4652.
73
What is the remainder when 294078 is divided by 21003?
36
Calculate the remainder when 98306 is divided by 1089.
296
Calculate the remainder when 53602 is divided by 1140.
22
Calculate the remainder when 559805 is divided by 5248.
3517
What is the remainder when 305751 is divided by 1233?
1200
What is the remainder when 153829 is divided by 4115?
1574
What is the remainder when 309665475 is divided by 181?
177
Calculate the remainder when 1319675230 is divided by 552.
550
Calculate the remainder when 874727 is divided by 72.
71
What is the remainder when 5665320 is divided by 377686?
30
What is the remainder when 66809 is divided by 3056?
2633
What is the remainder when 4976933 is divided by 3449?
26
Calculate the remainder when 277877 is divided by 1512.
1181
Calculate the remainder when 1203913 is divided by 120377.
143
Calculate the remainder when 2245548 is divided by 848.
44
Calculate the remainder when 10214938 is divided by 791.
755
What is the remainder when 273137 is divided by 338?
33
What is the remainder when 21089 is divided by 227?
205
What is the remainder when 388517 is divided by 350?
17
What is the remainder when 5828541 is divided by 108?
105
What is the remainder when 451890 is divided by 446?
92
What is the remainder when 374987 is divided by 374921?
66
What is the remainder when 9820497 is divided by 209?
5
Calculate the remainder when 94536894 is divided by 37.
7
What is the remainder when 5935451 is divided by 49?
32
Calculate the remainder when 3133481 is divided by 348146.
167
Calculate the remainder when 216524 is divided by 76.
0
What is the remainder when 29541 is divided by 600?
141
What is the remainder when 343637 is divided by 200?
37
What is the remainder when 34870 is divided by 1013?
428
Calculate the remainder when 949440 is divided by 460.
0
Calculate the remainder when 293118 is divided by 96556.
3450
What is the remainder when 623275487 is divided by 16421?
11
Calculate the remainder when 2888 is divided by 1650.
1238
Calculate the remainder when 19159914 is divided by 6386635.
9
Calculate the remainder when 27309 is divided by 26554.
755
Calculate the remainder when 3152573 is divided by 711.
710
What is the remainder when 113856 is divided by 110234?
3622
What is the remainder when 30431741 is divided by 1901983?
13
What is the remainder when 409785 is divided by 409560?
225
Calculate the remainder when 263754 is divided by 65923.
62
What is the remainder when 35224 is divided by 16583?
2058
What is the remainder when 583270 is divided by 72882?
214
What is the remainder when 144564 is divided by 71?
8
What is the remainder when 963848 is divided by 11207?
46
Calculate the remainder when 95930995 is divided by 792.
787
Calculate the remainder when 141713 is divided by 85.
18
What is the remainder when 208486 is divided by 1458?
1450
What is the remainder when 661292 is divided by 3?
2
What is the remainder when 5422 is divided by 1885?
1652
What is the remainder when 1919696 is divided by 134?
12
What is the remainder when 414088 is divided by 59076?
556
Calculate the remainder when 10316031 is divided by 5157997.
37
What is the remainder when 31040997 is divided by 1410954?
9
What is the remainder when 24540884 is divided by 30?
14
What is the remainder when 66443323 is divided by 97?
69
Calculate the remainder when 5499411 is divided by 761.
425
What is the remainder when 52910 is divided by 1115?
505
Calculate the remainder when 1380777 is divided by 138060.
177
Calculate the remainder when 1377416 is divided by 1377387.
29
What is the remainder when 1640180 is divided by 288?
20
Calculate the remainder when 2154996 is divided by 4293.
4203
What is the remainder when 3642052538 is divided by 12182?
12180
What is the remainder when 1457300 is divided by 1081?
112
What is the remainder when 26142 is divided by 3677?
403
Calculate the remainder when 4030914 is divided by 1343626.
36
Calculate the remainder when 23926 is divided by 210.
196
What is the remainder when 242205 is divided by 1108?
661
Calculate the remainder when 1226709 is divided by 165.
99
Calculate the remainder when 3317401 is divided by 947.
60
Calculate the remainder when 1808452 is divided by 361689.
7
What is the remainder when 694342 is divided by 151?
44
Calculate the remainder when 4003848 is divided by 92.
8
What is the remainder when 4934900 is divided by 91